{"id":3543,"date":"2024-02-06T22:26:34","date_gmt":"2024-02-06T21:26:34","guid":{"rendered":"https:\/\/konferencja-ptrm.pl\/?page_id=3543"},"modified":"2026-02-02T23:09:55","modified_gmt":"2026-02-02T22:09:55","slug":"posiedzenia-szkoleniowe","status":"publish","type":"page","link":"https:\/\/konferencja-ptrm.pl\/index.php\/posiedzenia-szkoleniowe\/","title":{"rendered":"Posiedzenia szkoleniowe: 02-03 pa\u017adziernika 2026 r."},"content":{"rendered":"\n<table style=\"height: 209px; width: 100%; border-collapse: collapse; background-color: #ceeaf2; border-color: #1c0404;\">\n<tbody>\n<tr style=\"height: 23px;\">\n<td style=\"width: 14.4047%; height: 209px; text-align: center;\" rowspan=\"7\"><span style=\"color: #000080;\"><em><strong>PI\u0104TEK<\/strong><\/em><\/span><br \/><span style=\"color: #000080;\"><em><strong>2-10-2026.<\/strong><\/em><\/span><\/td>\n<td style=\"width: 48.8095%; height: 23px; text-align: center;\"><span style=\"color: #800000;\"><strong>&#8222;Jak spojrze\u0107 na zapis EKG &#8211; \u0107wiczenia interpretacyjne&#8221;<\/strong><\/span><\/td>\n<td style=\"width: 36.7857%; height: 23px;\"><em><span style=\"color: #800000;\"><strong>Dr n. med. Tomasz Kulpok &#8211; <\/strong>Akademia WSB w D\u0105browie G\u00f3rniczej<\/span><\/em><\/td>\n<\/tr>\n<tr style=\"height: 23px;\">\n<td style=\"width: 48.8095%; height: 23px; text-align: center;\"><span style=\"color: #800000;\"><strong>&#8222;Kto dowodzi, ten ratuje &#8211; \u0107wiczenia symulacyjne zaawansowanych zabieg\u00f3w resuscytacyjnych w oparciu o najnowsze wytyczne&#8221;<\/strong><\/span><\/td>\n<td style=\"width: 36.7857%; height: 23px;\"><span style=\"color: #800000;\"><em><strong>Mgr Filip Bednarz &#8211; <\/strong>SOR-Szpital Wojew\u00f3dzki w Opolu, Fundacja na Rzecz Edukacji i Rozwoju Ratownictwa EDURES<strong><br \/>Szymon Sowa &#8211; <\/strong>SOR-Szpital Wojew\u00f3dzki w Opolu<\/em><\/span><\/td>\n<\/tr>\n<tr style=\"height: 23px;\">\n<td style=\"width: 48.8095%; height: 23px; text-align: center;\"><span style=\"color: #800000;\"><strong>&#8222;Zdarzenia mnogie\/masowe z poziomu strategicznego &#8211; rola dyspozytora medycznego lub WKRM&#8221;<\/strong><\/span><\/td>\n<td style=\"width: 36.7857%; height: 23px;\"><span style=\"color: #800000;\"><em><strong>Krajowe Centrum Monitorowania Ratownictwa Medycznego<\/strong><\/em><\/span><\/td>\n<\/tr>\n<tr style=\"height: 23px;\">\n<td style=\"width: 48.8095%; height: 23px; text-align: center;\"><span style=\"color: #800000;\"><strong>&#8222;SHOCK &#8211; medycyna bez komfortu&#8221;<\/strong><\/span><\/td>\n<td style=\"width: 36.7857%; height: 23px;\"><span style=\"color: #800000;\"><em><strong>Marcin Klepczarek<\/strong> &#8211; Instruktor NAMET TCCC, SOR USK w Opolu, SOR Szpital Powiatowy w Raciborzu, Uniwersytet Medyczny w Opolu, wsp\u00f3\u0142tw\u00f3rca MEDICAL ACADEMY, uczestnik misji humanitarnych poza granicami kraju.<\/em><\/span><br \/><span style=\"color: #800000;\"><em><strong>Mateusz Moroz<\/strong> &#8211; Instruktor NAMET TCCC, wsp\u00f3\u0142pracuj\u0105cy z Centrum Szkolenia Wojsk Specjalnych, ratownik pok\u0142adowy W-3 2-grupy Poszukiwawczo Ratowniczej w Mi\u0144sku Mazowieckim;<\/em><\/span><br \/><span style=\"color: #800000;\"><em><strong>Andrzej Kalinowski<\/strong> &#8211; Instruktor NAMET TCCC, ZRM w Gi\u017cycku, emerytowany \u017co\u0142nierz &#8211; uczestnik misji ISAF w Afganistanie, ratownik pok\u0142adowy ASAR 2-grupy Poszukiwawczo Ratowniczej w Mi\u0144sku Mazowieckim.<\/em><\/span><\/td>\n<\/tr>\n<tr style=\"height: 23px;\">\n<td style=\"width: 48.8095%; height: 23px; text-align: center;\"><span style=\"color: #800000;\"><strong>&#8222;Nowoczesne technologie i innowacje w przypadku dost\u0119p\u00f3w naczyniowych u pacjent\u00f3w dializowanych i onkologicznych&#8221;<\/strong><\/span><\/td>\n<td style=\"width: 36.7857%; height: 23px; text-align: left;\"><em><span style=\"color: #800000;\"><strong>Mgr Justyna Markowska &#8211; <\/strong>USK we Wroc\u0142awiu, Ponadregionalne Centrum Onkologii Dzieci\u0119cej &#8211; &#8222;Przyl\u0105dek Nadziei&#8221;<\/span><\/em><br \/><em><span style=\"color: #800000;\"><strong>Mgr Andrzej Wojnarowski &#8211; <\/strong>PTRM, DaVita sp. z o.o. Wroc\u0142aw,<\/span><\/em><\/td>\n<\/tr>\n<tr style=\"height: 48px;\">\n<td style=\"width: 48.8095%; text-align: center; height: 48px;\"><span style=\"color: #800000;\"><strong>&#8222;Zaawansowane zabiegi ratuj\u0105ce \u017cycie u dzieci&#8221;<\/strong><\/span><\/td>\n<td style=\"width: 36.7857%; height: 48px;\"><em><strong><span style=\"color: #800000;\">Klaudia Pero\u0144czyk &#8211; <\/span><\/strong><span style=\"color: #800000;\">Rejonowe Pogotowie Ratunkowe w Sosnowcu, Akademia \u015al\u0105ska w Katowicach,<\/span><strong><span style=\"color: #800000;\"><br \/>Pawe\u0142 Siedlis &#8211; <\/span><\/strong><span style=\"color: #800000;\">Rejonowe Pogotowie Ratunkowe w Sosnowcu, Akademia \u015al\u0105ska w Katowicach,<\/span><\/em><\/td>\n<\/tr>\n<tr style=\"height: 46px;\">\n<td style=\"width: 48.8095%; text-align: center; height: 46px;\"><strong><span style=\"color: #800000;\">&#8222;Por\u00f3d tu i teraz: jak bezpiecznie post\u0119powa\u0107 w warunkach nag\u0142ych&#8221;<\/span><\/strong><\/td>\n<td style=\"width: 36.7857%; height: 46px;\"><em><strong><span style=\"color: #800000;\">Polskie Towarzystwo Ratownik\u00f3w Medycznych<\/span><\/strong><\/em><\/td>\n<\/tr>\n<\/tbody>\n<\/table>\n\n\n\n<table style=\"height: 302px; width: 100%; border-collapse: collapse; background-color: #f2dada;\">\n<tbody>\n<tr style=\"height: 23px;\">\n<td style=\"width: 13.6905%; height: 209px; text-align: center;\" rowspan=\"7\"><span style=\"color: #993300;\"><em><strong>SOBOTA<\/strong><\/em><\/span><br \/><span style=\"color: #993300;\"><em><strong>3-10-2026.<\/strong><\/em><\/span><\/td>\n<td style=\"width: 49.4048%; height: 23px; text-align: center;\"><span style=\"color: #000080;\"><strong>&#8222;Od dy\u017curu do rozprawy: <br \/>medyk w post\u0119powaniu s\u0105dowym&#8221;<\/strong><\/span><\/td>\n<td style=\"width: 36.9048%; height: 23px;\"><em><span style=\"color: #000080;\"><strong>Dr n. med. apl. adw. Anna Kulpok<\/strong> &#8211; Wydzia\u0142 Medyczny Akademia WSB w D\u0105browie G\u00f3rniczej, Kancelaria Adwokacka Przemys\u0142aw St\u0119ch\u0142y w Rybniku<\/span><\/em><\/td>\n<\/tr>\n<tr style=\"height: 70px;\">\n<td style=\"width: 49.4048%; text-align: center; height: 70px;\"><strong><span style=\"color: #000080;\">&#8222;Kto dowodzi, ten ratuje &#8211; \u0107wiczenia symulacyjne zaawansowanych zabieg\u00f3w resuscytacyjnych w oparciu o najnowsze wytyczne&#8221;<\/span><\/strong><\/td>\n<td style=\"width: 36.9048%; height: 70px;\"><span style=\"color: #000080;\"><em><strong>Mgr Filip Bednarz &#8211; <\/strong>SOR-Szpital Wojew\u00f3dzki w Opolu, Fundacja na Rzecz Edukacji i Rozwoju Ratownictwa EDURES<strong><br \/>Szymon Sowa &#8211; <\/strong>SOR-Szpital Wojew\u00f3dzki w Opolu<\/em><\/span><\/td>\n<\/tr>\n<tr style=\"height: 23px;\">\n<td style=\"width: 49.4048%; height: 24px; text-align: center;\"><span style=\"color: #000080;\"><strong> &#8222;Sk\u00f3ra jako marker stanu zagro\u017cenia \u017cycia &#8211; ostre zespo\u0142y dermatologiczne w praktyce klinicznej&#8221;<\/strong><\/span><\/td>\n<td style=\"width: 36.9048%; height: 24px;\"><span style=\"color: #000080;\"><em><strong>Lek. Aldona Olejnik<\/strong> &#8211; Spec. Pediatra, Dyrektor ds. Medycznych Wojew\u00f3dzki Szpital Specjalistyczny nr 3 w Rybniku, Oddzia\u0142 Chor\u00f3b Wewn\u0119trznych z Pododdzia\u0142em Dermatologii, Akademia WSB w D\u0105browie G\u00f3rniczej,<\/em><\/span><\/td>\n<\/tr>\n<tr style=\"height: 23px;\">\n<td style=\"width: 49.4048%; height: 23px; text-align: center;\"><strong><span style=\"color: #000080;\"> &#8222;Zdarzenia mnogie\/masowe z poziomu strategicznego &#8211; rola dyspozytora medycznego lub WKRM&#8221;<\/span><\/strong><\/td>\n<td style=\"width: 36.9048%; height: 23px;\"><span style=\"color: #000080;\"><em><strong>Krajowe Centrum Monitorowania Ratownictwa Medycznego<\/strong><\/em><\/span><\/td>\n<\/tr>\n<tr style=\"height: 23px;\">\n<td style=\"width: 49.4048%; height: 23px; text-align: center;\"><span style=\"color: #000080;\"><strong>&#8222;SHOCK &#8211; medycyna bez komfortu&#8221;<\/strong><\/span><\/td>\n<td style=\"width: 36.9048%; height: 23px;\"><em><span style=\"color: #000080;\"><strong>Marcin Klepczarek<\/strong> &#8211; Instruktor NAMET TCCC, SOR USK w Opolu, SOR Szpital Powiatowy w Raciborzu, Uniwersytet Medyczny w Opolu, wsp\u00f3\u0142tw\u00f3rca MEDICAL ACADEMY, uczestnik misji humanitarnych poza granicami kraju.<\/span><\/em><br \/><em><span style=\"color: #000080;\"><strong>Mateusz Moroz<\/strong> &#8211; Instruktor NAMET TCCC, wsp\u00f3\u0142pracuj\u0105cy z Centrum Szkolenia Wojsk Specjalnych, ratownik pok\u0142adowy W-3 2-grupy Poszukiwawczo Ratowniczej w Mi\u0144sku Mazowieckim;<\/span><\/em><br \/><em><span style=\"color: #000080;\"><strong>Andrzej Kalinowski<\/strong>&#8211; Instruktor NAMET TCCC, ZRM w Gi\u017cycku, emerytowany \u017co\u0142nierz &#8211; uczestnik misji ISAF w Afganistanie, ratownik pok\u0142adowy ASAR 2-grupy Poszukiwawczo Ratowniczej w Mi\u0144sku Mazowieckim.<\/span><\/em><\/td>\n<\/tr>\n<tr style=\"height: 23px;\">\n<td style=\"width: 49.4048%; height: 23px;\"><span style=\"color: #000080;\"><strong>&#8222;Zaawansowane zabiegi ratuj\u0105ce \u017cycie u dzieci&#8221;<\/strong><\/span><\/td>\n<td style=\"width: 36.9048%; height: 23px;\"><em><span style=\"color: #000080;\"><strong>Klaudia Pero\u0144czyk &#8211; <\/strong>Rejonowe Pogotowie Ratunkowe w Sosnowcu, Akademia \u015al\u0105ska w Katowicach,<strong><br \/>Pawe\u0142 Siedlis &#8211; <\/strong>Rejonowe Pogotowie Ratunkowe w Sosnowcu, Akademia \u015al\u0105ska w Katowicach,<\/span><\/em><\/td>\n<\/tr>\n<tr style=\"height: 23px;\">\n<td style=\"width: 49.4048%; height: 23px; text-align: center;\"><span style=\"color: #000080;\"><strong>&#8222;Por\u00f3d tu i teraz: jak bezpiecznie post\u0119powa\u0107 w warunkach nag\u0142ych&#8221;<\/strong><\/span><\/td>\n<td style=\"width: 36.9048%; height: 23px;\"><em><span style=\"color: #000080;\"><strong>Polskie Towarzystwo Ratownik\u00f3w Medycznych<\/strong><\/span><\/em><\/td>\n<\/tr>\n<tr style=\"height: 70px;\">\n<td style=\"width: 13.6905%; text-align: center; height: 70px;\"><span style=\"color: #993300;\"><em><strong>\u00a0<\/strong><\/em><\/span><\/td>\n<td style=\"width: 49.4048%; text-align: center; height: 70px;\"><span style=\"color: #000080;\"><strong>&#8222;Nowoczesne technologie i innowacje w przypadku dost\u0119p\u00f3w naczyniowych u pacjent\u00f3w dializowanych i onkologicznych&#8221;<\/strong><strong><br \/><\/strong><\/span><\/td>\n<td style=\"width: 36.9048%; height: 70px;\"><em><span style=\"color: #000080;\"><strong>Mgr Justyna Markowska &#8211; <\/strong>USK we Wroc\u0142awiu, Ponadregionalne Centrum Onkologii Dzieci\u0119cej &#8211; &#8222;Przyl\u0105dek Nadziei&#8221;<\/span><\/em><br \/><em><span style=\"color: #000080;\"><strong>Mgr Andrzej Wojnarowski &#8211; <\/strong>PTRM, DaVita sp. z o.o. Wroc\u0142aw,<\/span><\/em><\/td>\n<\/tr>\n<tr style=\"height: 23px;\">\n<td style=\"width: 13.6905%; height: 23px;\">\u00a0<\/td>\n<td style=\"width: 49.4048%; height: 23px;\">\u00a0<\/td>\n<td style=\"width: 36.9048%; height: 23px;\">\u00a0<\/td>\n<\/tr>\n<\/tbody>\n<\/table>\n\n\n\n<p><\/p>\n","protected":false},"excerpt":{"rendered":"<p>PI\u0104TEK2-10-2026. &#8222;Jak spojrze\u0107 na zapis EKG &#8211; \u0107wiczenia interpretacyjne&#8221; Dr n. med. Tomasz Kulpok &#8211; Akademia WSB w D\u0105browie G\u00f3rniczej [&hellip;]<\/p>\n","protected":false},"author":1,"featured_media":0,"parent":0,"menu_order":0,"comment_status":"closed","ping_status":"closed","template":"","meta":{"footnotes":""},"class_list":["post-3543","page","type-page","status-publish","hentry"],"_links":{"self":[{"href":"https:\/\/konferencja-ptrm.pl\/index.php\/wp-json\/wp\/v2\/pages\/3543","targetHints":{"allow":["GET"]}}],"collection":[{"href":"https:\/\/konferencja-ptrm.pl\/index.php\/wp-json\/wp\/v2\/pages"}],"about":[{"href":"https:\/\/konferencja-ptrm.pl\/index.php\/wp-json\/wp\/v2\/types\/page"}],"author":[{"embeddable":true,"href":"https:\/\/konferencja-ptrm.pl\/index.php\/wp-json\/wp\/v2\/users\/1"}],"replies":[{"embeddable":true,"href":"https:\/\/konferencja-ptrm.pl\/index.php\/wp-json\/wp\/v2\/comments?post=3543"}],"version-history":[{"count":47,"href":"https:\/\/konferencja-ptrm.pl\/index.php\/wp-json\/wp\/v2\/pages\/3543\/revisions"}],"predecessor-version":[{"id":4814,"href":"https:\/\/konferencja-ptrm.pl\/index.php\/wp-json\/wp\/v2\/pages\/3543\/revisions\/4814"}],"wp:attachment":[{"href":"https:\/\/konferencja-ptrm.pl\/index.php\/wp-json\/wp\/v2\/media?parent=3543"}],"curies":[{"name":"wp","href":"https:\/\/api.w.org\/{rel}","templated":true}]}}